u(101).
-705
Let b(v) = -17*v**2 - 30*v - 23. Calculate b(-2).
-31
Let c(t) = -t**2 + 80294*t - 2568433. Give c(32).
-49
Let w(g) = -g**3 - 56*g**2 + 225795*g + 1511. Determine w(-504).
-1
Let g(i) = -i**2 + 299*i - 2568. Calculate g(9).
42
Let k(m) = -2219*m + 9605. Calculate k(4).
729
Let b(n) = 182545*n - 5111251. What is b(28)?
9
Let q(j) = -j**3 - 54*j**2 - 98*j - 2200. Determine q(-53).
185
Let n(s) = -629*s + 106943. Give n(170).
13
Let b(g) = g**3 + 116*g**2 + 2210*g - 45. What is b(-92)?
-229
Let w(z) = 91*z**3 - 635*z**2 - 37*z + 148. Determine w(7).
-13
Let y(o) = -1433*o + 507296. What is y(354)?
14
Let s(n) = 3*n**3 - 1052*n**2 + 684*n + 5289. What is s(350)?
-311
Let h(n) = -n**3 - 176*n**2 - 417*n + 17704. Determine h(-173).
58
Let r(t) = -164*t - 2754. Give r(-18).
198
Let y(t) = -850*t + 8751. Determine y(10).
251
Let i(a) = 2*a**3 + a**2 + 9422*a + 18843. Give i(-2).
-13
Let d(s) = s**3 + 67*s**2 + 732*s - 698. Calculate d(-15).
22
Let b(c) = -c**3 - 19*c**2 - 55038*c - 935070. Calculate b(-17).
-2
Let l(q) = -2881*q - 23146. Determine l(-8).
-98
Let y(z) = -4*z**2 - 60*z + 423. What is y(-41)?
-3841
Let o(c) = -c**3 - 176*c**2 - 921*c - 11272. Determine o(-171).
14
Let w(a) = 2*a**3 - 63*a**2 - 62*a + 730. What is w(32)?
-230
Let a(o) = o**3 + 96*o**2 - 304*o - 20021. Determine a(-97).
58
Let n(j) = -20581*j - 596896. Calculate n(-29).
-47
Let a(w) = 669940*w - 17418435. Determine a(26).
5
Let y(o) = -2*o**3 + 126*o**2 - 1277*o - 4664. Calculate y(49).
-9
Let a(j) = j**3 + 74*j**2 + 1383*j + 1016. Calculate a(-41).
-214
Let x(p) = 2*p**3 - 276*p**2 - 5244*p + 454. Give x(-17).
12
Let r(p) = -6*p**3 - 157*p**2 - 82*p - 1688. Calculate r(-26).
-232
Let u(l) = l**2 + 954*l + 5643. Give u(-6).
-45
Let y(g) = 39*g**2 - 1603*g - 183. Determine y(41).
-347
Let y(a) = -a**2 + 50876*a + 407066. Give y(-8).
-6
Let a(v) = -14877*v + 22523786. Determine a(1514).
8
Let a(x) = -2198*x + 5565. Determine a(3).
-1029
Let j(t) = -t**3 - 56*t**2 - 148*t + 562. Calculate j(-53).
-21
Let n(a) = 21*a**3 + 4*a**2 + 33*a + 121. Determine n(-3).
-509
Let w(j) = -2*j**2 - 663*j + 14672. Determine w(22).
-882
Let r(p) = 10405*p + 873913. What is r(-84)?
-107
Let b(o) = -3002*o + 8690. Calculate b(3).
-316
Let c(s) = -4*s**3 - 127*s**2 + 112*s + 2546. Determine c(-32).
-14
Let q(j) = 6*j**3 - 1840*j**2 - 624*j + 3093. What is q(307)?
23
Let j(m) = -2*m**2 + 68*m + 4019. Determine j(-50).
-4381
Let h(v) = -v**3 + 166*v**2 - 19*v + 4718. Give h(166).
1564
Let f(v) = -2352*v - 111073. Determine f(-47).
-529
Let t(q) = -2*q**3 + 88*q**2 - 81*q - 220. Calculate t(43).
-5
Let q(s) = 95802*s - 2490883. Give q(26).
-31
Let i(o) = 2*o**3 - 559*o**2 + 286*o - 3265. Determine i(279).
-1312
Let b(f) = 808*f + 36464. Give b(-44).
912
Let m(k) = -k**3 - 8*k**2 + 17756*k + 124171. Calculate m(-7).
-170
Let a(v) = -v**3 + 31*v**2 + 654*v - 684. What is a(1)?
0
Let f(d) = -109*d - 9269. Give f(-86).
105
Let f(d) = -d**3 + 52*d**2 + 6378*d - 247. Give f(110).
-467
Let x(a) = -a**3 - 194*a**2 + 145*a + 28122. Determine x(-194).
-8
Let y(p) = -4460*p - 4370724. Determine y(-980).
76
Let h(a) = 2*a**3 + 69*a**2 - 22*a + 235. Give h(-37).
-5796
Let x(q) = -14178*q + 42647. Calculate x(3).
113
Let c(w) = 10049*w + 170828. Calculate c(-17).
-5
Let n(r) = 31*r**2 + 9617*r - 7466. Calculate n(-311).
-2
Let f(o) = 18*o**2 - 501*o - 1162. Determine f(30).
8
Let h(f) = -28212*f + 8407153. Determine h(298).
-23
Let q(n) = n**3 + 74*n**2 - 128*n + 1841. What is q(-76)?
17
Let w(b) = 513*b + 47240. Give w(-91).
557
Let p(j) = 221901*j - 1109500. Calculate p(5).
5
Let z(j) = 2*j**2 + 206*j + 763. Give z(-99).
-29
Let u(n) = 53*n**2 - 49331*n - 11180. Calculate u(931).
-8
Let f(u) = -25150*u - 905399. Give f(-36).
1
Let m(c) = 2*c**2 + 5360*c - 118882. Give m(22).
6
Let d(k) = -3*k**3 + 24*k**2 + 23*k + 1. What is d(-1)?
5
Let j(n) = -1025*n - 442816. What is j(-432)?
-16
Let u(x) = 646064*x + 1292089. Give u(-2).
-39
Let h(g) = -78*g + 5780. Calculate h(126).
-4048
Let g(w) = -28844*w + 1009550. Determine g(35).
10
Let n(c) = -c**2 + 76*c + 157. What is n(-23)?
-2120
Let x(u) = -37*u**2 - 89*u + 1651. Calculate x(6).
-215
Let n(u) = -10829*u - 638914. Give n(-59).
-3
Let u(q) = -72698*q + 2980623. What is u(41)?
5
Let c(w) = -21566*w + 64413. Determine c(3).
-285
Let n(w) = -7*w**2 + 26*w + 769. Calculate n(-10).
-191
Let v(l) = -l**3 + 3*l**2 - 19*l + 11. What is v(3)?
-46
Let q(j) = j**3 + 20*j**2 - 83*j - 1229. Give q(-20).
431
Let j(o) = -11*o - 922. Give j(-79).
-53
Let i(c) = c**2 - 1057*c - 211360. Determine i(-172).
28
Let f(o) = -o**3 - 11*o**2 + 4901*o + 49140. Give f(-10).
30
Let m(f) = 1635*f - 27789. Give m(17).
6
Let f(m) = -25*m**3 + 2437*m**2 + 1276*m - 199. Determine f(98).
-3
Let o(r) = 1715*r - 12836. Calculate o(7).
-831
Let d(t) = -533963*t - 1601889. Calculate d(-3).
0
Let m(d) = d**3 + 63*d**2 + 157*d + 14215. Determine m(-64).
71
Let b(k) = k**2 - 129*k + 1384. Calculate b(12).
-20
Let o(d) = 5*d**2 - 1265*d - 52015. What is o(-36)?
5
Let s(m) = -108611*m - 108606. Determine s(-1).
5
Let a(y) = -5*y**2 - 500*y + 1589. What is a(-103)?
44
Let h(z) = 93074*z + 837588. What is h(-9)?
-78
Let j(c) = 4833*c + 43449. What is j(-9)?
-48
Let s(i) = -i**3 + 9*i**2 - 1493*i - 18832. What is s(-11)?
11
Let a(f) = f**2 - 150*f + 5739. What is a(71)?
130
Let x(m) = -5761*m - 241944. Give x(-42).
18
Let c(r) = 4306*r + 16855. What is c(-4)?
-369
Let d(a) = 2*a**2 + 4574199*a + 27445130. What is d(-6)?
8
Let k(f) = -6*f**3 + 5*f**2 - 24*f + 80. Determine k(3).
-109
Let v(s) = -13*s**3 - 310*s**2 + 215*s + 4003. Calculate v(-24).
-5
Let y(w) = -6*w**2 - 385*w - 2914. Determine y(-7).
-513
Let k(f) = -153*f**2 - 7782*f + 464. What is k(-51)?
-607
Let m(b) = 2*b**3 + 6*b**2 - 2011*b - 18152. What is m(-9)?
-1025
Let c(o) = 7*o**3 + 163*o**2 - 17*o - 854. What is c(-21)?
6559
Let q(k) = k**3 + 22*k**2 + 136*k - 929. Calculate q(4).
31
Let i(n) = 201914*n + 6259336. What is i(-31)?
2
Let c(b) = 4*b**2 - 2430*b + 14444. Give c(6).
8
Let h(k) = -2*k**3 - 58*k**2 - 17*k - 6. Calculate h(-28).
-1098
Let f(i) = 11*i**2 - 15434*i + 107491. Determine f(7).
-8
Let w(c) = c**2 - 8809*c + 87941. Calculate w(10).
-49
Let h(p) = -p**3 + 4*p**2 - 945*p + 947. Give h(1).
5
Let w(p) = p**3 - 2*p**2 - 12*p + 53. What is w(8)?
341
Let i(a) = 55*a - 3398. Give i(81).
1057
Let z(p) = p**3 + 3*p**2 - 3*p - 78. Give z(7).
391
Let u(s) = s**3 - 589*s**2 + 10271*s + 4003. Determine u(571).
6
Let q(w) = 21103*w + 63305. Determine q(-3).
-4
Let o(h) = -h**3 + 540*h**2 + 1093*h - 4892. What is o(542)?
-14
Let m(h) = 554714*h + 2218857. Determine m(-4).
1
Let w(q) = 1228*q + 108172. Give w(-88).
108
Let f(b) = -2554*b - 30387. What is f(-12)?
261
Let v(s) = -1178*s**2 - 78928*s - 147. Give v(-67).
-13
Let q(u) = -250*u**2 - 6757*u - 22. Determine q(-27).
167
Let r(t) = t**2 - 108*t - 119556. Give r(404).
28
Let p(u) = -2292*u + 178548. Calculate p(78).
-228
Let c(g) = -262*g**3 + 66806*g**2 + 1020*g - 47. Give c(255).
-47
Let h(o) = 15*o**3 - 87*o**2 - 34*o + 98. Calculate h(6).
2
Let y(n) = 3*n**2 + 352*n - 2024. What is y(-123)?
67
Let h(u) = -2696*u + 113280. Give h(42).
48
Let a(z) = 72*z**2 + 7757*z + 13222. Determine a(-106).
-28
Let w(o) = -9477*o + 28396. Calculate w(3).
-35
Let w(r) = -603*r**2 - 55646*r - 15641. Give w(-92).
-1
Let j(m) = -98*m**2 + 168694*m - 61957. Give j(1721).
-1
Let x(c) = c**3 + 72*c**2 - 4*c - 414. What is x(-72)?
-126
Let r(d) = 10*d**2 - 118410*d - 118410. Give r(-1).
10
Let z(i) = i**3 - 26*i**2 + 98*i - 954. What is z(16)?
-1946
Let b(d) = d**3 - 32*d**2 - 45*d - 143. Give b(32).
-1583
Let b(f) = 9*f**3 + 104*f**2 + 341*f + 14. Determine b(-6).
-232
Let t(x) = -38*x**2 - 94*x + 742. Determine t(8).
-2442
Let y(n) = -4732*n**3 - 3*n**2 - 2. What is y(1)?
-4737
Let r(u) = -116*u**2 - 1041*u. Give r(-9).
-27
Let j(r) = 72*r**2 + 2279*r + 7366. Give j(-28).
2
Let d(v) = -3206*v + 12910. Calculate d(4).
86
Let q(u) = -5*u**3 - 210*u**2 - 665*u - 54. Calculate q(-3).
186
Let j(y) = -9648*y - 478. Give j(0).
-478
Let g(l) = -2*l**2 + 21604*l - 237399. Calculate g(11).
3
Let q(j) = j**3 + 180*j**2 + 4619*j + 9. What is q(-149)?
9
Let b(g) = g**3 - 8*g**2 + 245*g - 920. Wha